he value of (0 - 2) + (-1 - -2)?
-1
What is the value of 1 - 0 - (1 + 0 - 2)?
2
What is -5 + -12 + 24 + -1 + -13?
-7
Calculate -4 - -3 - 2 - (-1 - 1).
-1
Calculate (-6 - (1 - (8 + -7))) + 6.
0
What is (16 - 9) + -10 + 2?
-1
Evaluate -1 - 0 - (8 - 10).
1
What is the value of -9 - 0 - (-155 - -144)?
2
What is the value of -2 - ((6 - 2) + -3)?
-3
Calculate -8 + -8 - (-13 + (9 - 2)).
-10
What is the value of 13 - (3 - 5 - (-5 - 3))?
7
Calculate -5 + 0 - (8 - 10).
-3
(6 + -4 - 0) + -3 - 0
-1
-1 - (4 + -3 + -3 + -3)
4
(1 - -7 - 3) + 0
5
Evaluate (-5 - (-8 + 4)) + -2.
-3
Evaluate 0 - (-8 - -6) - (1 + 2).
-1
Calculate 2 + -3 + 14 - 19.
-6
What is the value of -1 - (1 - -6) - (-11 + -3)?
6
Evaluate 7 + -5 + 3 - 0.
5
What is the value of (3 + -1 - -6) + -7?
1
What is the value of 1 + 4 + 12 + -17 + -1?
-1
Evaluate (6 - -1) + -3 + 0.
4
Calculate (1 + -2 - 2) + (7 - 3).
1
What is the value of -5 + (6 - (-6 + 3))?
4
What is the value of -2 + (2 - 0) + (18 - 22)?
-4
What is 6 - ((13 - 4) + 3)?
-6
1 - -1 - (-24 - -21)
5
Calculate 35 + -42 - (-3 - -1).
-5
Evaluate 0 + -8 + 23 + (-28 - -23).
10
What is the value of (-1 - -2) + (-13 - -12)?
0
Calculate -10 + 14 + 6 + -13.
-3
What is the value of -6 - ((4 - (-6 - -9)) + -6)?
-1
What is -2 - -1 - (-9 + 2)?
6
What is 5 - 6 - (3 - 1)?
-3
(-1 + 2 - 3) + 2 - 1
-1
-1 + 7 + -11 - 2
-7
380 - 378 - (2 + -1 - -3)
-2
12 - 13 - ((3 - 0) + -1)
-3
What is 5 + 0 + -3 - (7 + -7)?
2
What is 4 + -2 + (-3 - (0 - 2))?
1
What is the value of -1 - (-7 - (-11 - -5)) - -7?
7
What is 0 - (3 + 2 + -7 + 7)?
-5
Evaluate 1 - (-6 + 9 - -1).
-3
What is 19 + -27 - (-5 + 1)?
-4
Calculate -5 + 10 + (-6 - -1).
0
Calculate -3 - (-5 - 1) - 1.
2
What is (0 - 0) + -5 + (12 - 6)?
1
What is the value of 9 + (-6 - -1 - -5)?
9
Evaluate (5 - 5) + 0 - -3.
3
What is 0 + -1 + (-21 - -23) + -9?
-8
-4 + (-5 - -6) + 1 - 1
-3
Calculate (111 - 122) + -1 + 12.
0
What is (-2 - (-6 - -3)) + -36 + 33?
-2
What is the value of 2 + -8 + 10 + 2?
6
What is the value of 1 + 0 + 1 + 2 + 0?
4
Evaluate (-7 - (-7 - 1)) + -3.
-2
Calculate -7 + 0 + 12 + -9.
-4
Calculate -4 - (-4 + (4 - -1)).
-5
(55 - 49) + (1 - 10)
-3
What is 4 - (17 - 5 - 5)?
-3
Evaluate (1 - 4 - 1) + 6.
2
What is 36 - 48 - (-4 + 1)?
-9
Calculate (-2 - 3) + -1 + 8 - 7.
-5
Evaluate 2 - (-4 + 3) - 3 - -4.
4
Evaluate -11 + 22 - (2 + 0 + 0).
9
What is 5 + -7 + 1 - -7?
6
What is 2 - (-1 + (4 + -4 - -6))?
-3
Evaluate 4 - (-13 + 32 + -6).
-9
Evaluate 0 + (0 + 1 - (15 - 17)).
3
Evaluate 162 + -149 + (-9 - 0).
4
1 + -3 - ((-1 - -5) + -8)
2
(-10 - -13) + (-4 - -7)
6
What is the value of -1 - (-3 - -5) - (5 + -9)?
1
Calculate -9 + 7 + (-2 - -2).
-2
What is the value of 2 - -3 - 13 - -6?
-2
What is -3 + 8 + -2 + -7?
-4
4 + -1 + -4 + -4
-5
What is 4 + -18 + 3 + 19?
8
What is (0 - 0) + 0 + (20 - 18)?
2
3 + -4 + 10 + -6 + 0
3
What is -4 + 5 - (0 + -2 + -2)?
5
What is (4 - -3) + -5 + -4?
-2
Calculate (0 - -2 - 5) + 2 - -2.
1
What is 0 + 15 + -34 + 23?
4
What is -3 - (-4 + -8 + 7 + 7)?
-5
14 - 15 - (-4 - 1)
4
Evaluate -113 - -119 - (7 - 0 - 1).
0
Calculate 3 + (-6 - 6 - -6).
-3
Calculate -2 - -3 - (-16 + 15).
2
What is (2 - -2) + (9 - 12)?
1
3 + 2 - (-15 + 25)
-5
What is the value of 2 - ((3 - -2) + 3 + -5)?
-1
What is (-1 - 2) + (-9 - -8) - -2?
-2
What is the value of 3 - ((0 - -4) + (2 - 2))?
-1
(1 - -2) + (-4 - (-8 - -2))
5
What is the value of -3 + (0 - (-7 - 1))?
5
6 - (6 + -4 + -1)
5
What is the value of -3 - 0 - (14 + -18)?
1
What is 6 + (-11 - (11 - 7))?
-9
Calculate -1 + -7 - -5 - (-8 - -1).
4
What is the value of -1 + 2 - (-4 - (-11 + 2))?
-4
Evaluate 12 + -8 + (0 - 2).
2
Evaluate -6 + (13 - (14 + -11)).
4
What is the value of (4 - 0) + (7 - 4 - 10)?
-3
-2 + 2 - (0 - 2) - -2
4
What is the value of -1 + -4 - (9 - 14)?
0
What is 0 + 5 + -8 + -3?
-6
What is the value of 16 + -16 - (7 + (-1 - -1))?
-7
Evaluate -2 - ((-3 - 10) + 10).
1
Evaluate (1 - 1) + (21 - 16) + -4.
1
What is the value of 2 + (-1 - -4) + -8?
-3
What is the value of (-4 - (-1 - -4)) + 5 + -2?
-4
What is -41 + 34 - (-3 + 0)?
-4
-9 + -3 + 7 + (-2 - -5)
-2
What is (-5 - 0) + 8 + -2 - -2?
3
What is the value of -6 - (-5 + 3) - -9?
5
What is (-2 + 11 - 7) + 4?
6
(0 - 2) + (4 - (-3 - -3))
2
Evaluate -166 + 154 + (0 - -18).
6
-11 + (7 - 4) + 10
2
What is the value of 2 + 2 + 1 - -1?
6
Calculate 6 - (0 - -6) - -6.
6
What is the value of 3 - (11 - (6 + -2))?
-4
Calculate 4 - (-2 + (-3 - -7) + 0).
2
(2 - 1) + 0 + (1 - 4)
-2
What is -4 - (-4 + 14) - -14?
0
Evaluate -10 + (-3 - -16) + -11.
-8
-2 + (1 + 4 - 3) + 0
0
0 + (2 - 1 - -3)
4
What is (0 - 0 - -5) + 38 + -46?
-3
Evaluate 2 - ((6 - 2) + -3) - 2.
-1
What is -7 + 12 + (5 - 3)?
7
Evaluate -5 + 8 + (2 - -1).
6
Calculate 9 - (-2 - (4 + -12)).
3
Calculate (-1 - 0) + (0 - 2).
-3
Calculate -10 + 10 + (-3 - -1).
-2
What is the value of 2 + -1 - 8 - -6 - -3?
2
Calculate -18 + 9 + 6 + 1.
-2
What is -42 + 35 + 1 + 6?
0
What is the value of 6 + (-12 - 1 - -5)?
-2
Evaluate -2 - -6 - (-3 + 11).
-4
Calculate 3 + (0 - (1 - 1)).
3
What is -3 - ((-4 - 1) + (4 - 2))?
0
5 + 12 - (21 + -12)
8
Calculate (-11 + 0 + 4 - -3) + 9.
5
What is the value of -11 + -9 + (-2 - -17)?
-5
Evaluate -9 - (13 + -15) - -14.
7
What is 4 + 3 + -6 - 6?
-5
Calculate -2 + 1 + (0 - 0) + 4.
3
(1 - (0 + (-2 - -1))) + -1
1
What is the value of -4 + -7 + 13 + -7?
-5
5 - -1 - (-6 + 8) - 0
4
2 + 7 - (4 + (-4 - -7))
2
What is 4 + -3 + -2 + 4?
3
What is the value of -3 + 0 + 9 + (-22 - -12)?
-4
Calculate 0 + -5 - (-31 + 26).
0
Evaluate (5 + (-5 - -1) - 1) + 4.
4
-4 - (9 + -15 + 8)
-6
Evaluate 2 + ((-4 - -1) + -1 - -4).
2
-33 + 34 + (1 - 2)
0
Evaluate 10 - (14 + -3) - -2.
1
What is the value of 0 - (-6 + 4 + 5)?
-3
Evaluate (5 - 3) + 4 + -8.
-2
Evaluate -1 + -1 + -8 + 12 + -6.
-4
What is the value of -4 - -3 - (1 - (2 + 1))?
1
Evaluate 5 - (2 + 1 - 1).
3
-8 + 1 - (18 - 20)
-5
-12 + (-3 - -10) + (1 - 3)
-7
What is 1 + -12 + -8 + 15 + 0?
-4
Calculate 2 + (8 - (5 + 6)) + 0.
-1
Evaluate -2 + (8 - (-5 - -5 - -4)).
2
What is the value of (13 - 0) + 123 + -126?
10
What is (-8 - (6 + -13)) + (8 - 3)?
4
5 + -1 + -6 + 5 + 1
4
What is -4 - (-1 + -1) - 3?
-5
Calculate -1 + 0 + (4 - 5) + 2.
0
7 + (-1 - -1) + 2 + -8
1
What is the value of (-35 - -33) + (1 - -4)?
3
Calculate 4 + (7 - 2) + -17.
-8
(-4 + 2 - -7 - 2) + -11
-8
Calculate 1 + 0 + (-4 - (3 - 4)).
-2
5 + (0 - (8 - (-5 + 11)))
3
Evaluate -8 + 10 + 0 + -4 + -9.
-11
(-1 - -7) + -10 + 12
8
3 + 2 + -10 - -9 - 5
-1
5 + (-9 + 4 + -2 - -5)
3
What is the value of (14 - 2 - 6) + -6?
0
What is (-1 - -7) + (-4 - (-3 - -1))?
4
What is the value of -6 + -1 + 1 + (3 - 0)?
-3
Calculate 3 + -5 + 1 - (1 + 2).
-4
Calculate 6 + (7 - 6) + 0.
7
What is the value of (-3 - (-4 - -2)) + (3 - 1)?
1
Evaluate -9 + (8 - 6) + 3.
-4
Calculate -10 - (-7 - 1) - (7 + -1).
-8
What is the value of 4 + (7 + -1 - 4)?
6
Calculate 3 + (-21 - -12) + 5.
-1
Calculate (0 - (6 - 2)) + 1 + 3.
0
Calculate -6 + 6 + 11 + -9.
2
What is 6 - (-2 + 1) - (0 - -7)?
0
What is 14 + -5 - (-2 + 8) - -1?
4
What is the value of 1 - 1 - 7 - -4?
-3
Evaluate 3 + -3 + 1 - 7 - -1.
-5
What is 3 - ((-3 - -8) + 1)?
-3
Calculate 1 + 2 + -3 - (0 - -1).
-1
Evaluate -13 + (-1 - (-1 - -4 - 10)).
-7
What is the value of -5 + -5 - -7 - (2 + -7)?
2
-4 + (5 - 0) + -1 - 5
-5
16 + -25 + 9 + -1
-1
What is the value of 1 + 3 + -2 - (12 + -13)?
3
What is -1 + 33 + -26 - (1 - 0)?
5
What is the value of (8 - 19) + 2 - -3?
-6
Evaluate 3 + -1 + (-5 - (4 + -5)).
-2
Calculate -4 + (3 - -3) - 4.
-2
What is 0 + 0 - (2 - -2)?
-4
What is 7 - (0 - -2) - (-39 + 50)?
-6
Calculate 0 + -9 - (-42 - -39).
-6
Calculate 7 + -15 - (-6 + 0).
-2
Calculate 7 + -7 - (0 + 3).
-3
What is 1 + (8 - 2 - 0)?
7
What is (-2 - -2) + (53 - 51)?
2
Evaluate 4 + (1 - 3 - 4 - -1).
-1
What is the value of 12 + (-6 - -1) - 7?
0
What is 0 + -11 - (12 + (-13 - 6))?
-4
1 - (2 + 0 - (8 - 5))
2
What is -2 + 0 + 3 - (6 + -2)?
-3
What is 1 + (-6 - (-1 + 0)) + 8?
4
Calculate 0 + -3 - (-4 - -3).
-2
What is the value of -108 - -108 - (7 + -2 + 2)?
-7
What is the value of -2 + 0 + -25 + 27?
0
Evaluate 2 + (5 - 4) + 1.
4
Evaluate -6 + 0 + 7 + -4.
-3
What is (1 - 8) + 5 + -1 + 0?
-3
What is -1 - -8 - (-1 - -5)?
3
Calculate 10 + (-10 - -13 - 9).
4
-2 + 0 - (-5 + 1 + -2)
4
-5 + (5 - 1) - 3 - 1
-5
Calculate 4 + 5 + (6 - -1) + -7.
9
-4 + (-8 - -9) + 2
